pose -5*g - 4 = 5*w - w, 0 = 4*g - 5*w - 5. Suppose g - 27 = -3*s. What is the highest common divisor of v and s?
9
Let b be 7 + -4 + 166/(-2). Let y = 140 + b. Calculate the highest common divisor of 12 and y.
12
Let m be (-6)/((-28)/8 + 2). Suppose 0 = j - 4*n, 6*j = m*j - n + 18. What is the highest common divisor of 56 and j?
8
Suppose d = 3, 3*d + d = -2*c + 16. Let j be 1/(1/(-2)) + c. Suppose -5*m + 375 + 285 = j. Calculate the highest common factor of 12 and m.
12
Let j(y) = 28*y + 2. Let f be j(1). What is the highest common factor of 6 and f?
6
Let d be (-6)/(-9) + 88/3. Suppose -3*c - 4*g + 7 + d = 0, -2*g - 64 = -4*c. What is the greatest common divisor of 6 and c?
3
Suppose -8 = -2*x, 3*v + 2*x = -2*x + 178. Calculate the greatest common factor of 6 and v.
6
Suppose -3*t + 255 = 2*t. Calculate the highest common divisor of t and 34.
17
Let f(c) = 43*c**2 + 2*c - 1. Let n be f(1). Suppose -4*k = k - 5. Let d be (2 - -20)*k/2. Calculate the highest common divisor of d and n.
11
Suppose -4*t - 52 + 12 = 0. Let s = -3 - t. Suppose -4*w = 5*n - 56, -28 = -2*w - 4*n + 2*n. Calculate the highest common factor of s and w.
7
Let s = -26 + 91. Suppose 0 = 19*h - 14*h - s. Calculate the highest common divisor of h and 39.
13
Let l(g) be the third derivative of g**5/60 - g**3/6 - g**2. Let i be l(4). Suppose -3*m = -m - 90. Calculate the highest common factor of i and m.
15
Suppose 0 = -y - 5*g + 25, 2*g + 126 = 5*y + 28. Calculate the greatest common factor of y and 4.
4
Let p = 15 - -75. Calculate the greatest common divisor of 18 and p.
18
Suppose 2*i - 21 = 169. Let z be i/20 - 1/(-4). Suppose 294 = -2*r + z*r. What is the highest common factor of r and 14?
14
Let t = -18 - -26. Let w = t - -2. Let h = 192 + -112. Calculate the highest common divisor of w and h.
10
Suppose 3*g = -2*g + 10. What is the greatest common factor of 22 and g?
2
Suppose 0 = -4*i - 3*s + 156, 5*i - s - 126 = 88. Let u = 288 + -183. Calculate the greatest common factor of u and i.
21
Let r(x) = x**3 - x**2 - 54. Let t be r(0). Let h be (t/(-8))/(2/8). Let v(g) = -g + 5. Let w be v(-4). What is the greatest common divisor of w and h?
9
Suppose -h + 6*h = -20. Suppose 14 = -3*f - 2*f - 2*a, -3*a - 14 = 4*f. Let w = f - h. Calculate the highest common factor of 4 and w.
2
Suppose -8*z + 60 = -3*z. Let n = 7 - 2. Suppose 0 = 3*b - i - 4*i - 49, n*b - 91 = -i. Calculate the greatest common divisor of b and z.
6
Let c = 104 - 72. What is the highest common divisor of c and 24?
8
Let d = 0 + -2. Let m be (2/3)/(d/6). Let a be -1*(-2 + (-4 - m)). Calculate the greatest common factor of 32 and a.
4
Let b be 35 + (-12*1)/4. Calculate the greatest common factor of 4 and b.
4
Let n(y) = -6*y - 7*y**2 + 0 + 0*y**3 + 1 - y**3. Let u be n(-6). Suppose -u = l - 4. What is the greatest common factor of 24 and l?
3
Let x be (1 - 6/4)*-4. Let s be (3 - 2)/((-1)/x). Let y be (-1 - s)*(1 + 2). Calculate the greatest common factor of 24 and y.
3
Suppose 0 = -3*g + 52 - 10. Let k = g + -10. Calculate the greatest common divisor of k and 24.
4
Let d = 90 - 30. Calculate the highest common divisor of 10 and d.
10
Let q(c) = 4*c - 2*c + c - c. Let x be q(5). What is the highest common factor of 25 and x?
5
Let c(l) = -l**3 + 2*l**2 - 2*l. Let j be c(2). Let h be 1/j + (-225)/(-20). Calculate the greatest common factor of 22 and h.
11
Let o(f) = 5*f**2 - 2*f - 2. Let q be o(6). Let l = q - 102. Let i = 148 - l. What is the highest common factor of i and 21?
21
Let z = 187 - 131. Calculate the greatest common divisor of z and 8.
8
Let y(i) = 0 - i**3 - 4*i - 7*i**2 + 2 + 3*i. Let m be y(-7). Let a = -144 + 207. Calculate the greatest common divisor of m and a.
9
Suppose -u + 80 = -0*u. What is the greatest common factor of u and 8?
8
Let k(u) = -u**3 + 10*u**2 + 2*u + 10. Let c be k(10). Calculate the greatest common factor of c and 30.
30
Let z be ((-10)/8)/((-1)/8). Suppose -4*l = u - 24, -l - 84 = -4*u + 2*u. What is the highest common factor of z and u?
10
Let q(w) = 2*w**3 - 3*w**2 + 7*w - 3. Let y be q(2). Let z(o) = 2*o**2 - 3*o - 3. Let d be z(3). Calculate the greatest common factor of y and d.
3
Suppose -72 = 2*g - 4*g. Suppose 3*y + 835 = -5*v, 3*v + 101 + 400 = -2*y. Let x = v + 257. Calculate the highest common factor of x and g.
18
Let n(c) = -c**3 + 26*c**2 + 8*c + 40. Let r be n(26). Calculate the greatest common divisor of 31 and r.
31
Let p be -1*(-5)/(-15) - (-146)/6. Let w = 127 + -67. What is the greatest common factor of w and p?
12
Let s(k) = k**2 + 4*k + 6. Let o be s(-6). Let w be 45/((-2)/8*-4). What is the greatest common factor of o and w?
9
Let a(n) = n**3 - 3*n**2 - 5*n + 4. Let x be a(4). Suppose -6 = -3*o, -m + 0*m + 2*o + 7 = x. Calculate the highest common factor of 11 and m.
11
Let k = -3 - -2. Let f be (22 + -1 - -1) + k. Let g(v) = v**3 - 8*v**2 - 9*v + 3. Let a be g(9). Calculate the greatest common divisor of a and f.
3
Let b(y) = y**2 + 8*y. Let s be b(-8). Suppose -2*z - 132 = -3*k + 120, s = k - 5*z - 84. Suppose -r + k = 2*r. What is the greatest common factor of 4 and r?
4
Let r = 111 - 61. Let l be (-1 - -3)/(4/r). Let m(a) = a**2 - 3*a - 8. Let p be m(6). What is the greatest common factor of p and l?
5
Let z(u) = 18*u + u**2 - 2*u**2 - 2 - 6. Let q be z(8). Suppose y + 18 = f, -5*f - 2*y + 6*y + 90 = 0. What is the greatest common factor of f and q?
18
Suppose -d - 8 = 2*m - 7*m, -3*m + 15 = -4*d. Let f be (m + (-30)/(-9))*3. Let y be 33/9*1*39. What is the greatest common factor of y and f?
13
Let p be -3 - (19/(-1) - 2). Suppose -p = -0*d - d. What is the highest common factor of d and 144?
18
Let s(o) = 20*o**2 - 2*o - 15. Let x be s(4). Calculate the greatest common factor of 33 and x.
33
Suppose 8*x - 29 - 35 = 0. What is the greatest common factor of x and 1?
1
Let p = -24 - -41. Let l = p - 7. Suppose -2*i + 0*i - b = -122, -3*i = -4*b - 172. Calculate the highest common divisor of i and l.
10
Suppose 3*k + 4*k = 56. Calculate the greatest common factor of 20 and k.
4
Let o = 14 - 9. Suppose -o*l + 10*l - 275 = 0. Let f be (-5)/(1/(-1)) - 0. Calculate the highest common divisor of f and l.
5
Let k(a) = -2*a**3 - 7*a**2 + 4*a - 9. Let i be k(-7). Suppose i = 3*h - h. Calculate the highest common divisor of h and 17.
17
Suppose 0 = -2*n + 46 + 2. What is the greatest common factor of 60 and n?
12
Suppose 11*y - 84 = 114. What is the highest common divisor of 2 and y?
2
Let m = 147 - 121. What is the greatest common factor of 26 and m?
26
Let s(t) = 9*t**2 - 1. Let b be s(1). Calculate the greatest common factor of 56 and b.
8
Let m = 8 + 5. Suppose 2*h + 1 = m. Suppose 7 = 3*t + 1. What is the highest common divisor of t and h?
2
Suppose 5*u = 4*x, 0 = -0*u - 3*u + 2*x + 2. Suppose 0 = u*i + 2 - 22. Suppose 3*h - 1 = i. What is the highest common factor of 14 and h?
2
Let p be (18/(-6))/(1/(-3)). What is the highest common divisor of p and 9?
9
Suppose 2*g = 4*g - 30. Let o = -17 - -77. Calculate the greatest common divisor of g and o.
15
Let r = 109 + -62. Suppose 5*w - r = 23. What is the highest common divisor of 14 and w?
14
Let p be 5/3 + (-1)/(-3). Suppose -5*w + 79 = -4*z - 0, -5*w = p*z - 73. Calculate the highest common factor of w and 3.
3
Suppose 8 = 2*w + 4. What is the greatest common divisor of 1 and w?
1
Suppose 2*v - t - 139 = 0, 0 = 7*v - 2*v - 5*t - 355. Let m = v - 18. Suppose -5*s - m = -350. What is the highest common factor of s and 20?
20
Suppose 2*j + 2*n - 43 = 5, -3*j = -5*n - 56. Suppose 0 = -3*s - 747 - 105. Let l = s - -526. What is the greatest common divisor of j and l?
22
Suppose -4*n + 5*s = -596 - 119, -2*n = s - 347. Calculate the greatest common factor of n and 25.
25
Let a = 3 - 18. Let i = 25 + a. Suppose -4*c + 77 = -83. What is the greatest common factor of i and c?
10
Let h = 1061 + -182. Suppose h = 4*g + 159. Suppose g = s + 2*s. What is the highest common divisor of s and 12?
12
Suppose 0 = -2*w - 2*f - 8, -w + 0*f = 2*f + 8. Suppose w*z - 10 = -5*z. Suppose -z*u + 3*u - 6 = 0. What is the greatest common factor of 30 and u?
6
Suppose -12 = 2*n - 54. Let m = -7 + n. Calculate the highest common factor of m and 28.
14
Let j = 56 - 7. Let z = 2 - 11. Let f = z + 16. Calculate the highest common